t is the hundred millions digit of 211471193?
2
What is the units digit of 75322753?
3
What is the thousands digit of 719007240?
7
What is the billions digit of 2925555847?
2
What is the units digit of 135807967?
7
What is the thousands digit of 396986960?
6
What is the millions digit of 1991894073?
1
What is the thousands digit of 598902819?
2
What is the ten millions digit of 1823643920?
2
What is the millions digit of 403628493?
3
What is the hundred thousands digit of 113303883?
3
What is the hundreds digit of 114556449?
4
What is the billions digit of 6149489445?
6
What is the ten thousands digit of 2237128047?
2
What is the millions digit of 673265095?
3
What is the ten millions digit of 1785217499?
8
What is the tens digit of 2690209228?
2
What is the hundreds digit of 56788798?
7
What is the thousands digit of 1166162392?
2
What is the hundreds digit of 401689392?
3
What is the millions digit of 10418822?
0
What is the thousands digit of 3981509779?
9
What is the millions digit of 1172598402?
2
What is the billions digit of 2961968247?
2
What is the ten millions digit of 575342184?
7
What is the hundred millions digit of 243437553?
2
What is the tens digit of 20455615?
1
What is the tens digit of 2332909395?
9
What is the ten thousands digit of 1461258992?
5
What is the ten thousands digit of 32185246?
8
What is the ten thousands digit of 110214074?
1
What is the tens digit of 50949331?
3
What is the millions digit of 112163168?
2
What is the units digit of 5950231?
1
What is the units digit of 3352862468?
8
What is the hundred thousands digit of 957258075?
2
What is the units digit of 162574237?
7
What is the hundred thousands digit of 146355355?
3
What is the thousands digit of 543909813?
9
What is the millions digit of 32702767?
2
What is the millions digit of 237737310?
7
What is the millions digit of 11249360?
1
What is the units digit of 1413899349?
9
What is the ten millions digit of 66569904?
6
What is the thousands digit of 1123353?
3
What is the ten thousands digit of 709926371?
2
What is the units digit of 1353085751?
1
What is the millions digit of 133494831?
3
What is the hundred thousands digit of 230874839?
8
What is the ten thousands digit of 23627216?
2
What is the hundred millions digit of 1135680114?
1
What is the millions digit of 94608286?
4
What is the hundreds digit of 37677854?
8
What is the tens digit of 705677971?
7
What is the ten millions digit of 4119700186?
1
What is the millions digit of 319017834?
9
What is the ten millions digit of 223958784?
2
What is the ten thousands digit of 1250942217?
4
What is the units digit of 952570206?
6
What is the units digit of 46212993?
3
What is the hundred millions digit of 1780893764?
7
What is the hundred millions digit of 1043580170?
0
What is the tens digit of 161401425?
2
What is the ten millions digit of 447471658?
4
What is the ten thousands digit of 696081648?
8
What is the hundred millions digit of 195498510?
1
What is the hundred thousands digit of 96268204?
2
What is the thousands digit of 1294469402?
9
What is the units digit of 122869398?
8
What is the hundred thousands digit of 11222007?
2
What is the ten thousands digit of 13823022?
2
What is the billions digit of 1852912794?
1
What is the millions digit of 14983933?
4
What is the units digit of 29429408?
8
What is the ten millions digit of 14328488?
1
What is the millions digit of 742536293?
2
What is the hundred thousands digit of 124726140?
7
What is the tens digit of 40199771?
7
What is the millions digit of 2272880509?
2
What is the hundred thousands digit of 272327801?
3
What is the ten millions digit of 42591678?
4
What is the ten thousands digit of 43687301?
8
What is the ten millions digit of 152263599?
5
What is the tens digit of 46404092?
9
What is the hundreds digit of 39667429?
4
What is the millions digit of 18642855?
8
What is the ten thousands digit of 826327469?
2
What is the hundred millions digit of 2829684079?
8
What is the hundreds digit of 204737789?
7
What is the hundred thousands digit of 55516425?
5
What is the millions digit of 76375009?
6
What is the hundreds digit of 2042581706?
7
What is the thousands digit of 632891453?
1
What is the ten thousands digit of 261926899?
2
What is the tens digit of 26689268?
6
What is the tens digit of 2157504562?
6
What is the ten thousands digit of 230830519?
3
What is the ten millions digit of 3511790930?
1
What is the ten millions digit of 171482384?
7
What is the millions digit of 164416294?
4
What is the thousands digit of 59325320?
5
What is the hundred millions digit of 116134089?
1
What is the hundred thousands digit of 209289254?
2
What is the units digit of 43322629?
9
What is the thousands digit of 1276637471?
7
What is the thousands digit of 57611653?
1
What is the ten thousands digit of 374975276?
7
What is the hundreds digit of 5320774697?
6
What is the hundred thousands digit of 16429383?
4
What is the millions digit of 289210871?
9
What is the hundred millions digit of 2140717471?
1
What is the thousands digit of 1605023047?
3
What is the hundreds digit of 54891566?
5
What is the millions digit of 75782126?
5
What is the units digit of 38631883?
3
What is the thousands digit of 244660774?
0
What is the ten millions digit of 229297145?
2
What is the units digit of 441941837?
7
What is the ten millions digit of 33720820?
3
What is the ten thousands digit of 3063293673?
9
What is the billions digit of 1181920810?
1
What is the millions digit of 119771498?
9
What is the ten thousands digit of 120426723?
2
What is the ten millions digit of 36782449?
3
What is the units digit of 282192840?
0
What is the billions digit of 1047738724?
1
What is the tens digit of 5584867878?
7
What is the units digit of 9274193715?
5
What is the hundreds digit of 1975699115?
1
What is the units digit of 7395881033?
3
What is the ten thousands digit of 255759649?
5
What is the billions digit of 2516880732?
2
What is the units digit of 1961107664?
4
What is the hundreds digit of 486575414?
4
What is the millions digit of 2390089990?
0
What is the tens digit of 483563331?
3
What is the hundred thousands digit of 176042306?
0
What is the ten thousands digit of 24700206?
0
What is the hundred thousands digit of 65751251?
7
What is the thousands digit of 1266321691?
1
What is the ten thousands digit of 139286205?
8
What is the tens digit of 37996183?
8
What is the hundreds digit of 909804600?
6
What is the ten millions digit of 319223971?
1
What is the hundreds digit of 2078091435?
4
What is the hundreds digit of 37235800?
8
What is the thousands digit of 294925552?
5
What is the tens digit of 3111292693?
9
What is the hundred millions digit of 279310156?
2
What is the tens digit of 188055243?
4
What is the hundred thousands digit of 898887453?
8
What is the hundred thousands digit of 3062900444?
9
What is the tens digit of 1718823410?
1
What is the millions digit of 41399204?
1
What is the hundred thousands digit of 1457363373?
3
What is the ten millions digit of 1046196480?
4
What is the ten millions digit of 73926535?
7
What is the ten millions digit of 143684281?
4
What is the billions digit of 2376783474?
2
What is the millions digit of 783156395?
3
What is the tens digit of 2609344?
4
What is the units digit of 68497669?
9
What is the tens digit of 6007716490?
9
What is the ten millions digit of 3093928017?
9
What is the units digit of 139284611?
1
What is the hundred millions digit of 3485997110?
4
What is the hundred thousands digit of 47170677?
1
What is the hundreds digit of 176359044?
0
What is the units digit of 3708718715?
5
What is the hundred thousands digit of 26504925?
5
What is the hundreds digit of 11276589?
5
What is the units digit of 1449860798?
8
What is the ten thousands digit of 456887009?
8
What is the millions digit of 1062407105?
2
What is the millions digit of 6187040522?
7
What is the hundreds digit of 406977628?
6
What is the units digit of 141088044?
4
What is the thousands digit of 73972623?
2
What is the thousands digit of 810318806?
8
What is the units digit of 2949878064?
4
What is the hundreds digit of 2132166631?
6
What is the ten thousands digit of 27738687?
3
What is the hundred thousands digit of 56181550?
1
What is